{"id":174,"date":"2020-10-23T14:48:33","date_gmt":"2020-10-23T14:48:33","guid":{"rendered":"https:\/\/mercuryconsultores.com\/?page_id=174"},"modified":"2020-10-23T18:58:50","modified_gmt":"2020-10-23T18:58:50","slug":"colibri-wp","status":"publish","type":"page","link":"https:\/\/mercuryconsultores.com\/","title":{"rendered":"Front Page"},"content":{"rendered":"<div data-colibri-id=\"174-c1\" class=\"style-547 style-local-174-c1 position-relative\">\n  <!---->\n  <div data-colibri-component=\"section\" data-colibri-id=\"174-c17\" id=\"about\" class=\"h-section h-section-global-spacing d-flex align-items-lg-center align-items-md-center align-items-center style-801 style-local-174-c17 position-relative\">\n    <!---->\n    <!---->\n    <div class=\"h-section-grid-container h-section-boxed-container\">\n      <!---->\n      <div data-colibri-id=\"174-c18\" class=\"h-row-container gutters-row-lg-0 gutters-row-md-0 gutters-row-0 gutters-row-v-lg-0 gutters-row-v-md-0 gutters-row-v-0 style-802 style-local-174-c18 position-relative\">\n        <!---->\n        <div class=\"h-row justify-content-lg-center justify-content-md-center justify-content-center align-items-lg-stretch align-items-md-stretch align-items-stretch gutters-col-lg-0 gutters-col-md-0 gutters-col-0 gutters-col-v-lg-0 gutters-col-v-md-0 gutters-col-v-0\">\n          <!---->\n          <div class=\"h-column h-column-container d-flex h-col-lg-auto h-col-md-auto h-col-auto style-803-outer style-local-174-c19-outer\">\n            <div data-colibri-id=\"174-c19\" class=\"d-flex h-flex-basis h-column__inner h-px-lg-0 h-px-md-0 h-px-0 v-inner-lg-0 v-inner-md-0 v-inner-0 style-803 style-local-174-c19 position-relative\">\n              <!---->\n              <!---->\n              <div class=\"w-100 h-y-container h-column__content h-column__v-align flex-basis-100 align-self-lg-start align-self-md-start align-self-start\">\n                <!---->\n                <div data-colibri-id=\"174-c21\" class=\"h-global-transition-all h-heading style-805 style-local-174-c21 position-relative h-element\">\n                  <!---->\n                  <div class=\"h-heading__outer style-805 style-local-174-c21\">\n                    <!---->\n                    <!---->\n                    <h2 class=\"\">Flexibilidad para las adaptaciones de la carga de trabajo<\/h2>\n                  <\/div>\n                <\/div>\n                <div data-colibri-id=\"174-c22\" class=\"h-text h-text-component style-806 style-local-174-c22 position-relative h-element\">\n                  <!---->\n                  <!---->\n                  <div class=\"\">\n                    <p>Aportamos flexibilidad a nuestros clientes para ajustar los niveles de producci\u00f3n a las necesidades reales.<\/p>\n                  <\/div>\n                <\/div>\n              <\/div>\n            <\/div>\n          <\/div>\n          <div class=\"h-column h-column-container d-flex h-col-lg-auto h-col-md-auto h-col-auto style-807-outer style-local-174-c23-outer\">\n            <div data-colibri-id=\"174-c23\" class=\"d-flex h-flex-basis h-column__inner h-px-lg-0 h-px-md-0 h-px-0 v-inner-lg-0 v-inner-md-0 v-inner-0 style-807 style-local-174-c23 position-relative\">\n              <!---->\n              <!---->\n              <div class=\"w-100 h-y-container h-column__content h-column__v-align flex-basis-100 align-self-lg-center align-self-md-center align-self-start\">\n                <!---->\n                <div data-colibri-id=\"174-c26\" class=\"d-block style-810 style-local-174-c26 position-relative h-element\">\n                  <!---->\n                  <div class=\"h-image__frame-container-outer\">\n                    <div class=\"h-image__frame-container\">\n                      <!---->\n                      <!---->\n                      <img loading=\"lazy\" width=\"1768\" height=\"1280\" src=\"https:\/\/mercuryconsultores.com\/wp-content\/uploads\/2020\/10\/cropped-woman-945822_1920.jpg\" class=\"wp-image-646 style-810-image style-local-174-c26-image\" srcset=\"https:\/\/mercuryconsultores.com\/wp-content\/uploads\/2020\/10\/cropped-woman-945822_1920.jpg 1768w, https:\/\/mercuryconsultores.com\/wp-content\/uploads\/2020\/10\/cropped-woman-945822_1920-300x217.jpg 300w, https:\/\/mercuryconsultores.com\/wp-content\/uploads\/2020\/10\/cropped-woman-945822_1920-1024x741.jpg 1024w, https:\/\/mercuryconsultores.com\/wp-content\/uploads\/2020\/10\/cropped-woman-945822_1920-768x556.jpg 768w, https:\/\/mercuryconsultores.com\/wp-content\/uploads\/2020\/10\/cropped-woman-945822_1920-1536x1112.jpg 1536w\" sizes=\"(max-width: 1768px) 100vw, 1768px\" alt=\"\" \/>\n                      <div class=\"h-image__frame h-hide-lg h-hide-md h-hide-sm style-810-frameImage style-local-174-c26-frameImage\"><\/div>\n                    <\/div>\n                  <\/div>\n                <\/div>\n              <\/div>\n            <\/div>\n          <\/div>\n        <\/div>\n      <\/div>\n    <\/div>\n  <\/div>\n  <div data-colibri-component=\"section\" data-colibri-id=\"174-c2\" id=\"counters\" class=\"h-section h-section-global-spacing d-flex align-items-lg-center align-items-md-center align-items-center style-548 style-local-174-c2 position-relative\">\n    <!---->\n    <!---->\n    <div class=\"h-section-grid-container h-section-boxed-container\">\n      <div data-colibri-id=\"174-c13\" class=\"h-row-container gutters-row-lg-2 gutters-row-md-2 gutters-row-2 gutters-row-v-lg-2 gutters-row-v-md-2 gutters-row-v-2 style-559 style-local-174-c13 position-relative\">\n        <!---->\n        <div class=\"h-row justify-content-lg-center justify-content-md-center justify-content-center align-items-lg-stretch align-items-md-stretch align-items-stretch gutters-col-lg-2 gutters-col-md-2 gutters-col-2 gutters-col-v-lg-2 gutters-col-v-md-2 gutters-col-v-2\">\n          <!---->\n          <div class=\"h-column h-column-container d-flex h-col-lg-auto h-col-md-auto h-col-auto style-560-outer style-local-174-c14-outer\">\n            <div data-colibri-id=\"174-c14\" class=\"d-flex h-flex-basis h-column__inner h-px-lg-2 h-px-md-2 h-px-2 v-inner-lg-2 v-inner-md-2 v-inner-2 style-560 style-local-174-c14 position-relative\">\n              <!---->\n              <!---->\n              <div class=\"w-100 h-y-container h-column__content h-column__v-align flex-basis-100 align-self-lg-start align-self-md-start align-self-start\">\n                <!---->\n                <div data-colibri-id=\"174-c15\" class=\"h-global-transition-all h-heading style-561 style-local-174-c15 position-relative h-element\">\n                  <!---->\n                  <div class=\"h-heading__outer style-561 style-local-174-c15\">\n                    <!---->\n                    <!---->\n                    <h2 class=\"\">Calidad como \u00fanico objetivo<\/h2>\n                  <\/div>\n                <\/div>\n                <div data-colibri-id=\"174-c16\" class=\"h-lead h-text h-text-component style-562 style-local-174-c16 position-relative h-element\">\n                  <!---->\n                  <!---->\n                  <div class=\"\">\n                    <p>Hacer las cosas bien no es una opci\u00f3n, es la base de todo. Todo lo que hacemos lo hacemos con un enfoque a la calidad total, centrada en el cliente.<\/p>\n                  <\/div>\n                <\/div>\n              <\/div>\n            <\/div>\n          <\/div>\n        <\/div>\n      <\/div>\n      <div data-colibri-id=\"174-c3\" class=\"h-row-container gutters-row-lg-2 gutters-row-md-2 gutters-row-2 gutters-row-v-lg-2 gutters-row-v-md-2 gutters-row-v-2 style-549 style-local-174-c3 position-relative\">\n        <!---->\n        <div class=\"h-row justify-content-lg-center justify-content-md-center justify-content-center align-items-lg-stretch align-items-md-stretch align-items-stretch gutters-col-lg-2 gutters-col-md-2 gutters-col-2 gutters-col-v-lg-2 gutters-col-v-md-2 gutters-col-v-2\">\n          <!---->\n          <div class=\"h-column h-column-container d-flex h-col-lg-auto h-col-md-auto h-col-auto style-550-outer style-local-174-c4-outer\">\n            <div data-colibri-id=\"174-c4\" class=\"d-flex h-flex-basis h-column__inner h-px-lg-2 h-px-md-2 h-px-2 v-inner-lg-2 v-inner-md-2 v-inner-2 style-550 style-local-174-c4 position-relative\">\n              <!---->\n              <!---->\n              <div class=\"w-100 h-y-container h-column__content h-column__v-align flex-basis-100 align-self-lg-center align-self-md-center align-self-center\">\n                <!---->\n                <div data-colibri-component=\"counter\" data-colibri-id=\"174-c5\" class=\"h-counter style-552 style-local-174-c5 position-relative h-element\">\n                  <!---->\n                  <div class=\"d-inline-block container-counters\">\n                    <!---->\n                    <div class=\"counter-container d-flex justify-content-lg-start justify-content-md-start justify-content-start\">\n                      <div class=\"circle h-circle-progress colibri-counter-2\">\n                        <canvas width=\"400\" height=\"400\"><\/canvas>\n                        <div class=\"circle-percent-text-body\"><span class=\"percent-text\" style=\"font-size: 100px;\"><\/span>\n                          <div class=\"text-center counter-title title-circle\">\n                            Quality\n                          <\/div>\n                          <div class=\"counter-content d-flex text-center align-items-center\">\n                            <!----><span class=\"h-counter h-counter-control circle-counter d-block w-100 colibri-counter-3\">\n  0\n<\/span><\/div>\n                        <\/div>\n                      <\/div>\n                    <\/div>\n                  <\/div>\n                <\/div>\n              <\/div>\n            <\/div>\n          <\/div>\n          <div class=\"h-column h-column-container d-flex h-col-lg-auto h-col-md-auto h-col-auto style-555-outer style-local-174-c6-outer\">\n            <div data-colibri-id=\"174-c6\" class=\"d-flex h-flex-basis h-column__inner h-px-lg-2 h-px-md-2 h-px-2 v-inner-lg-2 v-inner-md-2 v-inner-2 style-555 style-local-174-c6 position-relative\">\n              <!---->\n              <!---->\n              <div class=\"w-100 h-y-container h-column__content h-column__v-align flex-basis-100 align-self-lg-center align-self-md-center align-self-center\">\n                <!---->\n                <div data-colibri-id=\"174-c7\" class=\"h-global-transition-all h-heading style-556 style-local-174-c7 position-relative h-element\">\n                  <!---->\n                  <div class=\"h-heading__outer style-556 style-local-174-c7\">\n                    <!---->\n                    <!---->\n                    <h4 class=\"\">Plan<\/h4>\n                  <\/div>\n                <\/div>\n                <div data-colibri-id=\"174-c8\" class=\"h-global-transition-all h-heading style-556 style-local-174-c8 position-relative h-element\">\n                  <!---->\n                  <div class=\"h-heading__outer style-556 style-local-174-c8\">\n                    <!---->\n                    <!---->\n                    <h4 class=\"\">Do<\/h4>\n                  <\/div>\n                <\/div>\n                <div data-colibri-id=\"174-c9\" class=\"h-global-transition-all h-heading style-556 style-local-174-c9 position-relative h-element\">\n                  <!---->\n                  <div class=\"h-heading__outer style-556 style-local-174-c9\">\n                    <!---->\n                    <!---->\n                    <h4 class=\"\">Control<\/h4>\n                  <\/div>\n                <\/div>\n                <div data-colibri-id=\"174-c10\" class=\"h-global-transition-all h-heading style-556 style-local-174-c10 position-relative h-element\">\n                  <!---->\n                  <div class=\"h-heading__outer style-556 style-local-174-c10\">\n                    <!---->\n                    <!---->\n                    <h4 class=\"\">Act<\/h4>\n                  <\/div>\n                <\/div>\n                <div data-colibri-id=\"174-c11\" class=\"h-global-transition-all h-heading style-557 style-local-174-c11 position-relative h-element\">\n                  <!---->\n                  <div class=\"h-heading__outer style-557 style-local-174-c11\">\n                    <!---->\n                    <!---->\n                    <h3 class=\"\"><\/h3>\n                  <\/div>\n                <\/div>\n                <div data-colibri-id=\"174-c12\" class=\"h-text h-text-component style-558 style-local-174-c12 position-relative h-element\">\n                  <!---->\n                  <!---->\n                  <div class=\"\">\n                    <p>Para mejorar hay que medir, sin control no hay mejora.<\/p>\n                  <\/div>\n                <\/div>\n              <\/div>\n            <\/div>\n          <\/div>\n        <\/div>\n      <\/div>\n    <\/div>\n  <\/div>\n<\/div>","protected":false},"excerpt":{"rendered":"<p>Flexibilidad para las adaptaciones de la carga de trabajo Aportamos flexibilidad a nuestros clientes para ajustar los niveles de producci\u00f3n a las necesidades reales. Calidad como \u00fanico objetivo Hacer las cosas bien no es una opci\u00f3n, es la base de todo. Todo lo que hacemos lo hacemos con un enfoque a la calidad total, centrada [&hellip;]<\/p>\n","protected":false},"author":1,"featured_media":0,"parent":0,"menu_order":0,"comment_status":"closed","ping_status":"closed","template":"page-templates\/homepage.php","meta":[],"_links":{"self":[{"href":"https:\/\/mercuryconsultores.com\/index.php?rest_route=\/wp\/v2\/pages\/174"}],"collection":[{"href":"https:\/\/mercuryconsultores.com\/index.php?rest_route=\/wp\/v2\/pages"}],"about":[{"href":"https:\/\/mercuryconsultores.com\/index.php?rest_route=\/wp\/v2\/types\/page"}],"author":[{"embeddable":true,"href":"https:\/\/mercuryconsultores.com\/index.php?rest_route=\/wp\/v2\/users\/1"}],"replies":[{"embeddable":true,"href":"https:\/\/mercuryconsultores.com\/index.php?rest_route=%2Fwp%2Fv2%2Fcomments&post=174"}],"version-history":[{"count":6,"href":"https:\/\/mercuryconsultores.com\/index.php?rest_route=\/wp\/v2\/pages\/174\/revisions"}],"predecessor-version":[{"id":649,"href":"https:\/\/mercuryconsultores.com\/index.php?rest_route=\/wp\/v2\/pages\/174\/revisions\/649"}],"wp:attachment":[{"href":"https:\/\/mercuryconsultores.com\/index.php?rest_route=%2Fwp%2Fv2%2Fmedia&parent=174"}],"curies":[{"name":"wp","href":"https:\/\/api.w.org\/{rel}","templated":true}]}}